{"id":67,"date":"2019-04-17T16:32:18","date_gmt":"2019-04-17T14:32:18","guid":{"rendered":"http:\/\/www.test.michaelaugust.de\/?page_id=67"},"modified":"2024-07-27T20:23:15","modified_gmt":"2024-07-27T18:23:15","slug":"lebenslauf","status":"publish","type":"page","link":"http:\/\/www.michaelaugust.de\/?page_id=67","title":{"rendered":"Lebenslauf"},"content":{"rendered":"\n<a name=\"anfang\"><\/a>\n\n\n\n<pre class=\"wp-block-preformatted\">Pers\u00f6nliche Angaben <br>Ausbildung <br><a href=\"#Werdegang\">Beruflicher Werdegan<\/a>g<br><a href=\"#Fortbildung\">Fortbildunge<\/a>n<a href=\"#EDV\"><br>Sprach- und EDV-Kenntniss<\/a>e<br><\/pre>\n\n\n\n<p><\/p>\n\n\n\n<p><a name=\"fortbildung\" class=\"mce-item-anchor\"><\/a><\/p>\n\n\n\n<h4 class=\"wp-block-heading\"><\/h4>\n\n\n\n\n<table id=\"tablepress-53\" class=\"tablepress tablepress-id-53\">\n<tbody>\n<tr class=\"row-1\">\n\t<td class=\"column-1\"><strong>Pers\u00f6nliche Angaben<\/strong><\/td><td class=\"column-2\"><\/td>\n<\/tr>\n<tr class=\"row-2\">\n\t<td class=\"column-1\">Hochschulausbildung:<\/td><td class=\"column-2\">2002-2005 Physik und Geographie an der Christian-Albrechts- Universit\u00e4t zu Kiel, 1. und 2. Staatsexamen.<\/td>\n<\/tr>\n<tr class=\"row-3\">\n\t<td class=\"column-1\">Referendariat:<\/td><td class=\"column-2\">2006-2008 Struensee Gemeinschaftsschule Satrup<\/td>\n<\/tr>\n<tr class=\"row-4\">\n\t<td class=\"column-1\"><strong id=Taetigkeit>Berufliche T\u00e4tigkeit<\/strong><\/td><td class=\"column-2\"><\/td>\n<\/tr>\n<tr class=\"row-5\">\n\t<td class=\"column-1\"><\/td><td class=\"column-2\">Seit 1986 freiberufliche redaktionelle T\u00e4tigkeiten bei                                                        verschiedenen   Tageszeitungen (Dithmarscher Landeszeitung,                       <br \/>\nSchleswig- Holsteinischer Zeitungsverlag).<\/td>\n<\/tr>\n<tr class=\"row-6\">\n\t<td class=\"column-1\"><\/td><td class=\"column-2\">1990 freier Mitarbeiter der Kieler Nachrichten (Text und Foto).<\/td>\n<\/tr>\n<tr class=\"row-7\">\n\t<td class=\"column-1\"><\/td><td class=\"column-2\">1991 Hospitanz beim NDR1 in den Ressorts Politik und Zeitgeschehen. <\/td>\n<\/tr>\n<tr class=\"row-8\">\n\t<td class=\"column-1\"><\/td><td class=\"column-2\">1992 freier Mitarbeiter der Deutsche Presse-Agentur (dpa),                                                        Rostock (Text).<\/td>\n<\/tr>\n<tr class=\"row-9\">\n\t<td class=\"column-1\"><\/td><td class=\"column-2\"> Seit 1995 Fotoredakteur bei den Kieler Nachrichten,  ungek\u00fcndigt.<\/td>\n<\/tr>\n<tr class=\"row-10\">\n\t<td class=\"column-1\"><\/td><td class=\"column-2\">Seit 1995 zahlreiche freie Foto- und Recherche-              Auftragsarbeiten f\u00fcr verschiedene deutsche und internationale                                                  Publikationen (Der Spiegel, S\u00fcddeutsche Zeitung, Die Welt,                                                        The Guardian).<\/td>\n<\/tr>\n<tr class=\"row-11\">\n\t<td class=\"column-1\"><\/td><td class=\"column-2\"> Seit 2002 freie Mitarbeit bei \"Der Landtag\", dem                                                         Mitte\u00edlungsblatt  des Schleswig-Holsteinischen Landtages.<\/td>\n<\/tr>\n<tr class=\"row-12\">\n\t<td class=\"column-1\"><\/td><td class=\"column-2\">Seit 2009 Leitung  Fotoredaktion, Archiv und Dokumentation Kieler  Nachrichten.<\/td>\n<\/tr>\n<tr class=\"row-13\">\n\t<td class=\"column-1\"><\/td><td class=\"column-2\">Seit 2010 Lehrer an der Richard-Hallmann- Gemeinschaftsschule mit gymnasialer Oberstufe der Gemeinde Trappenkamp. Physik, Chemie, NaWi und Informatik <\/td>\n<\/tr>\n<tr class=\"row-14\">\n\t<td class=\"column-1\"><\/td><td class=\"column-2\">Seit 2011 nebenamtlicher Studienleiter f\u00fcr Physik.<\/td>\n<\/tr>\n<tr class=\"row-15\">\n\t<td class=\"column-1\"><\/td><td class=\"column-2\">2013 Gemeinschaftsschullehrer f\u00fcr Physik, Geographie und Informatik an der  Gemeinschaftsschule am Brook. Mitglied der Schulkonferenz und des Personalrates, Sicherheitsbeauftragter.<\/td>\n<\/tr>\n<tr class=\"row-16\">\n\t<td class=\"column-1\"><\/td><td class=\"column-2\">Seit 2015 Betreuung Praxissemester der Europa-Universit\u00e4t Flensburg.<\/td>\n<\/tr>\n<tr class=\"row-17\">\n\t<td class=\"column-1\"><\/td><td class=\"column-2\">Seit 2015 t\u00e4tig im Bereich Fortbildung beim IQSH (u.a. Naturwissenschaften multimedial, Berufsorientierung im naturwissenschaftlichem Unterricht, Schulrecht)<\/td>\n<\/tr>\n<tr class=\"row-18\">\n\t<td class=\"column-1\"><\/td><td class=\"column-2\">Seit 2016 Gemeinschaftsschullehrer f\u00fcr Physik, Geographie,<br \/>\nMathematik und Mikroelektronik an der Friedrich-Junge Gemeinschaftsschule, Kiel. Verkehrssicherheits- , Reisekosten- ,  Datenschutz- und Physiksammlungsbeauftragter.<\/td>\n<\/tr>\n<tr class=\"row-19\">\n\t<td class=\"column-1\"><\/td><td class=\"column-2\">2018-2019 Mitglied der Expertengruppe der  Kultusministerkonferenz (KMK) zur Weiterentwicklung der Bildungsstandards Physik f\u00fcr Sek I.<\/td>\n<\/tr>\n<tr class=\"row-20\">\n\t<td class=\"column-1\"><\/td><td class=\"column-2\">Seit 2020 Qualifizierung von Ausbildungslehrkr\u00e4ften<\/td>\n<\/tr>\n<tr class=\"row-21\">\n\t<td class=\"column-1\"><\/td><td class=\"column-2\">Seit 2022 regionaler Fachberater f\u00fcr INT (Informatik, Naturwissenschaft, Technik) im Landesprogramm \"Schule im digitalen Zeitalter\" am IQSH<\/td>\n<\/tr>\n<tr class=\"row-22\">\n\t<td class=\"column-1\"><strong id=Fortbildung>Berufliche Fortbildung<\/strong><\/td><td class=\"column-2\"><a  href =\"#anfang\"><i><p align=\"right\">zur\u00fcck zum Anfang<\/i><\/a><\/td>\n<\/tr>\n<tr class=\"row-23\">\n\t<td class=\"column-1\"><\/td><td class=\"column-2\">1995 Teilnahme am Seminar \u201eDas Bild des Blattes\u201c der                                                        Bertelsmann Stiftung in Zusammenarbeit mit der Akademie f\u00fcr                                                     Publizistik, dem Bundesverband Deutscher Zeitungsverleger. <\/td>\n<\/tr>\n<tr class=\"row-24\">\n\t<td class=\"column-1\"><\/td><td class=\"column-2\">  1998 Englisch-Auffrischungskurs, Stufe A2,  Bournmouth   (England).<\/td>\n<\/tr>\n<tr class=\"row-25\">\n\t<td class=\"column-1\"><\/td><td class=\"column-2\">2006 Teilnahme am Fachseminar Kleine Texte f\u00fcr Internet und Social Media ,  Akademie f\u00fcr                                                        Publizistik.<\/td>\n<\/tr>\n<tr class=\"row-26\">\n\t<td class=\"column-1\"><\/td><td class=\"column-2\"> 2007 Teilnahme am Landesfachtag Geographie, Leitthema \"Globaler Klimawandel\"<\/td>\n<\/tr>\n<tr class=\"row-27\">\n\t<td class=\"column-1\"><\/td><td class=\"column-2\">2007 Fortbildung Pr\u00e4sentationssoftware, IQSH<\/td>\n<\/tr>\n<tr class=\"row-28\">\n\t<td class=\"column-1\"><\/td><td class=\"column-2\">2008 Fortbildung Illustrator und Indesign, SYMPLASSON <br \/>\nInformationstechnik GmbH,<br \/>\nHamburg<\/td>\n<\/tr>\n<tr class=\"row-29\">\n\t<td class=\"column-1\"><\/td><td class=\"column-2\">Seit 2010 j\u00e4hrliche Teilnahme an den Landesfachtagen Physik, NaWi und Geographie. <\/td>\n<\/tr>\n<tr class=\"row-30\">\n\t<td class=\"column-1\"><\/td><td class=\"column-2\">2011 Teilnahme am Medienkompetenztag Schleswig-Holstein <\/td>\n<\/tr>\n<tr class=\"row-31\">\n\t<td class=\"column-1\"><\/td><td class=\"column-2\">2012 QUA Teilnahme \"Kieler Schulleitungssymposium\"<\/td>\n<\/tr>\n<tr class=\"row-32\">\n\t<td class=\"column-1\"><\/td><td class=\"column-2\">2012 Teilnahme am Bildungsforum L\u00e4ndervergleich 2012: Ergebnisse zu Mathematik und Naturwissenschaften in der Sekundarstufe I <\/td>\n<\/tr>\n<tr class=\"row-33\">\n\t<td class=\"column-1\"><\/td><td class=\"column-2\">2012 Die Pr\u00e4sentation optimieren, IQSH<\/td>\n<\/tr>\n<tr class=\"row-34\">\n\t<td class=\"column-1\"><\/td><td class=\"column-2\">2015 Digitale Schulb\u00fccher in Schleswig-Holstein <\/td>\n<\/tr>\n<tr class=\"row-35\">\n\t<td class=\"column-1\"><\/td><td class=\"column-2\">2016 Genius-Fortbildung der Daimler Corporate Academy,<br \/>\nDaimler AG, Bremen<\/td>\n<\/tr>\n<tr class=\"row-36\">\n\t<td class=\"column-1\"><\/td><td class=\"column-2\">2016 Teilnahme an der Fortbildungsreihe \"Experimento 10+\" der Siemens Stiftung<\/td>\n<\/tr>\n<tr class=\"row-37\">\n\t<td class=\"column-1\"><\/td><td class=\"column-2\">2016 Teilnahme am Medienkompetenztag Schleswig-Holstein<\/td>\n<\/tr>\n<tr class=\"row-38\">\n\t<td class=\"column-1\"><\/td><td class=\"column-2\">2016 Teilnahme an der der bundesweiten Expertentagung f\u00fcr Inklusive Bildung und Ausbildung<\/td>\n<\/tr>\n<tr class=\"row-39\">\n\t<td class=\"column-1\"><\/td><td class=\"column-2\">2017 Aktualisierung der Fachkunde Strahlenschutz<\/td>\n<\/tr>\n<tr class=\"row-40\">\n\t<td class=\"column-1\"><\/td><td class=\"column-2\">2018 Teilnahme an der Lehrerfortbildung Lernen am au\u00dferschulischen Lernort, Helmholtz-Zentrum Geesthacht.<\/td>\n<\/tr>\n<tr class=\"row-41\">\n\t<td class=\"column-1\"><\/td><td class=\"column-2\">2018 Teilnahme an der Expertentagung Lehrkr\u00e4ftebildung Medienbildung \u2013 Bildung in einer digitalen Welt<\/td>\n<\/tr>\n<tr class=\"row-42\">\n\t<td class=\"column-1\"><\/td><td class=\"column-2\">2019  Teilnahme an der Expertentagung Lehrkr\u00e4ftebildung 4.0<\/td>\n<\/tr>\n<tr class=\"row-43\">\n\t<td class=\"column-1\"><\/td><td class=\"column-2\"><a href=\"https:\/\/www.oercamp.de\/19\/lubeck\/programm\/\">2019 OERcamp L\u00fcbeck (Open Educational Resources)<\/a><\/td>\n<\/tr>\n<tr class=\"row-44\">\n\t<td class=\"column-1\"><\/td><td class=\"column-2\">2021 QUA Digitales Schulmanagement f\u00fcr Leitungskr\u00e4fte (TVaS) <\/td>\n<\/tr>\n<tr class=\"row-45\">\n\t<td class=\"column-1\"><\/td><td class=\"column-2\">2021 QUA\tRechtliche Grundlagen f\u00fcr schulische F\u00fchrungskr\u00e4fte (TVaS) <\/td>\n<\/tr>\n<tr class=\"row-46\">\n\t<td class=\"column-1\"><\/td><td class=\"column-2\">2021 QUA Selbst- und Zeitmanagement (TVaS) <\/td>\n<\/tr>\n<tr class=\"row-47\">\n\t<td class=\"column-1\"><\/td><td class=\"column-2\">2021 QUA Gremienarbeit und Zusammenarbeit im \u00f6ffentlichen Raum (TVaS) <\/td>\n<\/tr>\n<tr class=\"row-48\">\n\t<td class=\"column-1\"><\/td><td class=\"column-2\">2022 Aktualisierung der Fachkunde Strahlenschutz<\/td>\n<\/tr>\n<tr class=\"row-49\">\n\t<td class=\"column-1\"><\/td><td class=\"column-2\">2023 \"Apps, Projekte &amp; KI-Tools f\u00fcr den digitalen<br \/>\nPhysikunterricht\", Joachim Herz Stiftung<\/td>\n<\/tr>\n<tr class=\"row-50\">\n\t<td class=\"column-1\"><\/td><td class=\"column-2\">2024: MINT-Hub SH - Informatische Grundbildung mit IT2School <\/td>\n<\/tr>\n<tr class=\"row-51\">\n\t<td class=\"column-1\"><\/td><td class=\"column-2\">2024 \"Digitale Messwerterfassung mit Mikrocontrollern und digitalen Endger\u00e4ten\"  - Joachim Herz Stiftung<\/td>\n<\/tr>\n<tr class=\"row-52\">\n\t<td class=\"column-1\"><\/td><td class=\"column-2\">2024 Rome - Intelligence for Education: Exploring the<br \/>\nFrontiers of ICT <\/td>\n<\/tr>\n<tr class=\"row-53\">\n\t<td class=\"column-1\"><\/td><td class=\"column-2\">2024 Hopp Foundation: Alternative Pr\u00fcfungsformate: Kompetenztests \u2013 Grundlagen (mit KI-Integration)<\/td>\n<\/tr>\n<tr class=\"row-54\">\n\t<td class=\"column-1\"><\/td><td class=\"column-2\">2024 Hopp Foundation:  KI im  Physikunterricht<\/td>\n<\/tr>\n<tr class=\"row-55\">\n\t<td class=\"column-1\"><\/td><td class=\"column-2\">2025 Forum Informationskompetenz: Desinformation und Meinungsbildung bei Jugendlichen<\/td>\n<\/tr>\n<tr class=\"row-56\">\n\t<td class=\"column-1\"><\/td><td class=\"column-2\">2025 Athen - ERASMUS+ English Language Course: Inclusive<br \/>\nTeaching with Artificial Intelligence<\/td>\n<\/tr>\n<tr class=\"row-57\">\n\t<td class=\"column-1\"><\/td><td class=\"column-2\">2025 Beamtenrecht f\u00fcr die Schulpraxis, QUA<\/td>\n<\/tr>\n<tr class=\"row-58\">\n\t<td class=\"column-1\"><strong id=EDV>Sprach- &amp; EDV-Kenntnisse <\/strong> <\/td><td class=\"column-2\"><a href=\"#anfang\"><i><p align=\"right\">zur\u00fcck zum Anfang<\/i><\/a><\/td>\n<\/tr>\n<tr class=\"row-59\">\n\t<td class=\"column-1\"><\/td><td class=\"column-2\">Englisch, Latein,<br \/>\nLinux, MAC 0S, Windows,<br \/>\nMS Office, Word, Excel, PowerPoint, LaTeX, LibreOffice, Photoshop, Gimp, InDesign, Inscape<\/td>\n<\/tr>\n<\/tbody>\n<\/table>\n\n","protected":false},"excerpt":{"rendered":"<p>Pers\u00f6nliche Angaben Ausbildung Beruflicher WerdegangFortbildungenSprach- und EDV-Kenntnisse<\/p>\n","protected":false},"author":1,"featured_media":0,"parent":0,"menu_order":0,"comment_status":"closed","ping_status":"closed","template":"template-nosidebar.php","meta":{"footnotes":""},"_links":{"self":[{"href":"http:\/\/www.michaelaugust.de\/index.php?rest_route=\/wp\/v2\/pages\/67"}],"collection":[{"href":"http:\/\/www.michaelaugust.de\/index.php?rest_route=\/wp\/v2\/pages"}],"about":[{"href":"http:\/\/www.michaelaugust.de\/index.php?rest_route=\/wp\/v2\/types\/page"}],"author":[{"embeddable":true,"href":"http:\/\/www.michaelaugust.de\/index.php?rest_route=\/wp\/v2\/users\/1"}],"replies":[{"embeddable":true,"href":"http:\/\/www.michaelaugust.de\/index.php?rest_route=%2Fwp%2Fv2%2Fcomments&post=67"}],"version-history":[{"count":28,"href":"http:\/\/www.michaelaugust.de\/index.php?rest_route=\/wp\/v2\/pages\/67\/revisions"}],"predecessor-version":[{"id":1143,"href":"http:\/\/www.michaelaugust.de\/index.php?rest_route=\/wp\/v2\/pages\/67\/revisions\/1143"}],"wp:attachment":[{"href":"http:\/\/www.michaelaugust.de\/index.php?rest_route=%2Fwp%2Fv2%2Fmedia&parent=67"}],"curies":[{"name":"wp","href":"https:\/\/api.w.org\/{rel}","templated":true}]}}