{"id":82,"date":"2019-04-17T16:49:23","date_gmt":"2019-04-17T14:49:23","guid":{"rendered":"http:\/\/www.test.michaelaugust.de\/?page_id=82"},"modified":"2020-03-25T12:23:09","modified_gmt":"2020-03-25T11:23:09","slug":"referendariat","status":"publish","type":"page","link":"http:\/\/www.michaelaugust.de\/?page_id=82","title":{"rendered":"Referendariat"},"content":{"rendered":"\n<p>Hallo,<\/p>\n\n\n\n<p>im Folgenden sind die wesentlichen Themen unseres Physik-Curriculums aufgef\u00fchrt.  Wenn ihr sie anklickt, so kommt ihr auf die jeweiligen Seiten, auf denen Ihr Informationsmaterial und Aufgaben vorfindet. Achtung, die Seiten sind passwortgesch\u00fctzt. Das PW bekommt ihr bei mir per PM.<\/p>\n\n\n\n<p>Viel Spa\u00df!<\/p>\n\n\n\n<p><a href=\"http:\/\/www.test.michaelaugust.de\/?page_id=234\"><em>Einf\u00fchrungsveranstaltung Physik<\/em><\/a><br><\/p>\n\n\n\n<p><a href=\"http:\/\/www.test.michaelaugust.de\/?page_id=479\">Online Physik (Online-Modul aus aktuellem Anlass)<\/a><\/p>\n\n\n\n<p><a href=\"http:\/\/www.test.michaelaugust.de\/?page_id=219\"><em>A1 Kompetenzorientierter Physikunterricht, Basiskonzept Energie.<\/em><\/a><\/p>\n\n\n\n<p>A2 Planungsmodelle.<\/p>\n\n\n\n<p>A3 Besondere Lernschwierigkeiten im Physikunterricht.<\/p>\n\n\n\n<p>A4 Leistungsmessung und -beurteilung<\/p>\n\n\n\n<p><a href=\"http:\/\/www.test.michaelaugust.de\/?page_id=422\">A5 Erkenntnisgewinnung: Experimente<\/a><\/p>\n\n\n\n<p>B1 Diagnostik: Alltagsvorstellungen und Pr\u00e4konzepte<\/p>\n\n\n\n<p><a href=\"http:\/\/www.test.michaelaugust.de\/?page_id=436\">B2 Heterogenit\u00e4t, Differenzierung, Individualisierung<\/a><\/p>\n\n\n\n<p>B3 Modelle im Physikunterricht <\/p>\n\n\n\n<p>B4  NaWi, Basiskonzepte aus den Fachanforderungen NaWi<\/p>\n\n\n\n<p><a href=\"http:\/\/www.test.michaelaugust.de\/?page_id=403\">B5 Unterrichtseinstiege \/ Darbietender Unterricht und Sprache<\/a><\/p>\n\n\n\n<p>C1  Bewertung und Kommunikation<\/p>\n\n\n\n<p>C2  Lehr- und Lernmittel \/ Spiele \/ Methodenwerkzeuge \/ Egg-Races \/ berufliche Bildung<\/p>\n\n\n\n<p>C3 Diagnostik und F\u00f6rderung<\/p>\n\n\n\n<p>C4 (Strahlenschutzmodul 1)<br>C5 (Strahlenschutzmodul 2)<\/p>\n\n\n\n<p><\/p>\n\n\n\n<p><br><\/p>\n\n\n\n<p><\/p>\n\n\n\n<p><\/p>\n\n\n\n<p><\/p>\n\n\n\n<p><\/p>\n\n\n\n<p><\/p>\n","protected":false},"excerpt":{"rendered":"<p>Hallo, im Folgenden sind die wesentlichen Themen unseres Physik-Curriculums aufgef\u00fchrt. Wenn ihr sie anklickt, so kommt ihr auf die jeweiligen Seiten, auf denen Ihr Informationsmaterial und Aufgaben vorfindet. Achtung, die Seiten sind passwortgesch\u00fctzt. Das PW bekommt ihr bei mir per PM. Viel Spa\u00df! Einf\u00fchrungsveranstaltung Physik Online Physik (Online-Modul aus aktuellem Anlass) A1 Kompetenzorientierter Physikunterricht, Basiskonzept [&hellip;]<\/p>\n","protected":false},"author":1,"featured_media":0,"parent":0,"menu_order":4,"comment_status":"closed","ping_status":"closed","template":"","meta":{"footnotes":""},"_links":{"self":[{"href":"http:\/\/www.michaelaugust.de\/index.php?rest_route=\/wp\/v2\/pages\/82"}],"collection":[{"href":"http:\/\/www.michaelaugust.de\/index.php?rest_route=\/wp\/v2\/pages"}],"about":[{"href":"http:\/\/www.michaelaugust.de\/index.php?rest_route=\/wp\/v2\/types\/page"}],"author":[{"embeddable":true,"href":"http:\/\/www.michaelaugust.de\/index.php?rest_route=\/wp\/v2\/users\/1"}],"replies":[{"embeddable":true,"href":"http:\/\/www.michaelaugust.de\/index.php?rest_route=%2Fwp%2Fv2%2Fcomments&post=82"}],"version-history":[{"count":12,"href":"http:\/\/www.michaelaugust.de\/index.php?rest_route=\/wp\/v2\/pages\/82\/revisions"}],"predecessor-version":[{"id":485,"href":"http:\/\/www.michaelaugust.de\/index.php?rest_route=\/wp\/v2\/pages\/82\/revisions\/485"}],"wp:attachment":[{"href":"http:\/\/www.michaelaugust.de\/index.php?rest_route=%2Fwp%2Fv2%2Fmedia&parent=82"}],"curies":[{"name":"wp","href":"https:\/\/api.w.org\/{rel}","templated":true}]}}